vide 2826356546?
True
Is 274210692 a multiple of 105?
False
Is 28 a factor of 184975770?
False
Does 5 divide 5595899?
False
Is 10107763 a multiple of 1807?
False
Is 214 a factor of 131020216?
True
Does 7 divide 3625083?
True
Is 7605195 a multiple of 3?
True
Does 5026 divide 23657382?
True
Does 923 divide 209187268?
False
Does 458 divide 5995678?
True
Is 180551807 a multiple of 3079?
False
Does 15 divide 6336145?
False
Is 37063285 a multiple of 35?
True
Is 3512619680 a multiple of 6574?
True
Is 2314072526 a multiple of 2769?
False
Is 19 a factor of 406781488?
True
Is 693750475 a multiple of 275?
True
Is 4350982660 a multiple of 37?
False
Does 10 divide 52486094?
False
Is 23776609 a multiple of 9?
False
Does 30 divide 101476110?
True
Is 1409672 a multiple of 22?
True
Does 3925 divide 30578562?
False
Is 311612283 a multiple of 31?
False
Is 2219888317 a multiple of 73?
True
Does 26 divide 136072651?
False
Is 14 a factor of 10898356?
True
Is 4329584 a multiple of 2494?
True
Is 2028627677 a multiple of 28?
False
Does 7110 divide 313268127?
False
Is 56369815 a multiple of 87?
False
Is 9954788 a multiple of 547?
False
Does 52 divide 141975240?
False
Does 18 divide 32402106?
True
Is 39 a factor of 2734056?
True
Does 975 divide 897975?
True
Does 189 divide 111405175?
False
Does 421 divide 59285220?
True
Does 1135 divide 223059931?
False
Does 1587 divide 2121819?
True
Is 141861700 a multiple of 100?
True
Is 1543960 a multiple of 30?
False
Does 48 divide 3139728?
True
Does 161 divide 221246361?
True
Is 646562180 a multiple of 3355?
True
Is 98 a factor of 22595762?
True
Is 83 a factor of 1418286103?
False
Is 22 a factor of 575224263?
False
Is 225 a factor of 142371900?
True
Is 1246 a factor of 457306892?
False
Is 26 a factor of 131933698?
True
Is 242 a factor of 10418680?
False
Is 41 a factor of 382094703?
True
Is 111199695 a multiple of 30?
False
Does 12 divide 21149088?
True
Is 566348676 a multiple of 12?
True
Does 2194 divide 437101844?
True
Is 184667901 a multiple of 299?
False
Is 13 a factor of 2135883?
False
Is 586252842 a multiple of 4761?
False
Is 448318896 a multiple of 70?
False
Is 967982095 a multiple of 9?
False
Does 4444 divide 348550911?
False
Is 85166676 a multiple of 574?
True
Is 64985541 a multiple of 115?
False
Is 2028159287 a multiple of 6513?
False
Is 639 a factor of 1425023037?
True
Does 2 divide 2899153?
False
Is 828 a factor of 40490028?
True
Does 4487 divide 499793469?
True
Does 1245 divide 651290625?
True
Does 9 divide 1925037?
True
Is 5698780 a multiple of 10?
True
Does 12 divide 528244864?
False
Is 97038671 a multiple of 2?
False
Is 252 a factor of 18751910?
False
Does 20 divide 100701740?
True
Does 474 divide 1000660926?
True
Is 1475 a factor of 3188189?
False
Does 531 divide 802056915?
True
Does 7 divide 318065867?
True
Does 3 divide 49080514?
False
Is 2837552979 a multiple of 4749?
False
Does 7088 divide 1322820751?
False
Does 573 divide 108552558?
True
Does 11 divide 1982225986?
False
Is 94347422 a multiple of 26?
True
Is 4514 a factor of 272038256?
False
Is 419040661 a multiple of 1374?
False
Does 18 divide 107665038?
True
Is 8113517446 a multiple of 20?
False
Is 23 a factor of 3577619?
False
Is 22 a factor of 43102382?
False
Is 18157704 a multiple of 8?
True
Is 919 a factor of 225608986?
True
Is 5801 a factor of 956344255?
False
Is 25962000 a multiple of 120?
True
Does 244 divide 38572711?
False
Is 1155272162 a multiple of 54?
False
Is 39241013 a multiple of 1127?
True
Does 78 divide 4072915392?
True
Is 179 a factor of 656449922?
True
Is 4392 a factor of 2742716160?
True
Is 2007 a factor of 1779772291?
False
Is 185148262 a multiple of 26?
True
Does 18 divide 3452391?
False
Is 26999063 a multiple of 91?
True
Does 1256 divide 25390040?
True
Is 15 a factor of 97591995?
True
Is 319 a factor of 8330366?
True
Is 61 a factor of 869398169?
True
Is 21187280 a multiple of 212?
True
Is 4 a factor of 29012891?
False
Does 82 divide 282322207?
False
Does 2355 divide 2711532?
False
Is 128 a factor of 365016801?
False
Is 31083361 a multiple of 440?
False
Is 6562186483 a multiple of 2811?
False
Is 635038140 a multiple of 9790?
True
Is 75296414 a multiple of 64?
False
Is 101596845 a multiple of 21?
True
Is 91257307 a multiple of 23?
True
Is 84 a factor of 104743632?
True
Is 23 a factor of 1506016?
False
Does 856 divide 17057512?
True
Is 66 a factor of 2146691712?
True
Is 184 a factor of 1063681869?
False
Does 536 divide 101447536?
False
Does 16 divide 678375872?
True
Is 2 a factor of 21288247?
False
Does 2953 divide 170575488?
False
Is 163078111 a multiple of 7?
True
Is 8583 a factor of 1421971359?
True
Is 84 a factor of 33912633?
False
Is 153608235 a multiple of 1005?
False
Is 283 a factor of 27877481?
True
Is 230 a factor of 206005917?
False
Is 233 a factor of 1937395?
True
Is 5893154482 a multiple of 578?
True
Does 9 divide 127760310?
True
Does 4 divide 93033648?
True
Is 1655490529 a multiple of 671?
True
Does 9 divide 164663163?
True
Does 24 divide 2772219528?
True
Is 846 a factor of 18631979?
False
Is 124249682 a multiple of 351?
False
Is 28614876 a multiple of 68?
True
Is 83526008 a multiple of 746?
False
Does 664 divide 1028878624?
True
Is 182390900 a multiple of 34?
False
Is 154 a factor of 83355761?
False
Is 3029 a factor of 1296878466?
True
Does 2 divide 52270698?
True
Is 2014890611 a multiple of 1739?
True
Does 1191 divide 20676951?
True
Is 393 a factor of 7766565?
False
Does 12 divide 12457824?
True
Is 175 a factor of 1038549925?
True
Is 22620180 a multiple of 660?
True
Is 1222 a factor of 220643098?
True
Is 66755920 a multiple of 280?
True
Is 20 a factor of 45663500?
True
Is 95157426 a multiple of 546?
True
Does 38 divide 205922152?
True
Is 12 a factor of 79664724?
True
Is 734229230 a multiple of 161?
True
Is 1440 a factor of 410428770?
False
Is 196 a factor of 1307771994?
False
Is 15682234 a multiple of 2?
True
Does 7 divide 39690833?
True
Does 70 divide 3722438860?
True
Is 10757165 a multiple of 800?
False
Is 431882856 a multiple of 24?
True
Is 3620712735 a multiple of 1245?
True
Does 12 divide 159392256?
True
Is 32 a factor of 1788738006?
False
Is 1900504970 a multiple of 1118?
True
Is 22261765 a multiple of 606?
False
Is 994 a factor of 2192235192?
True
Does 5 divide 37956790?
True
Is 1436 a factor of 46588539?
False
Is 56 a factor of 92648711?
False
Is 19853100 a multiple of 27?
True
Is 869941904 a multiple of 482?
False
Does 714 divide 116449116?
True
Does 5885 divide 1055239350?
True
Is 14361 a multiple of 3?
True
Is 529 a factor of 246423012?
True
Does 442 divide 180584927?
False
Is 1772326865 a multiple of 14?
False
Does 10 divide 26904864?
False
Does 2189 divide 81824820?
True
Is 31945302 a multiple of 258?
True
Does 18 divide 99326178?
True
Does 524 divide 373823194?
False
Is 419328423 a multiple of 24?
False
Is 90 a factor of 612978570?
True
Is 6595712 a multiple of 21?
False
Does 11 divide 20857092?
False
Is 96672568 a multiple of 109?
False
Does 169 divide 12910248?
True
Is 5 a factor of 433712808?
False
Does 2888 divide 19578935?
False
Is 104680788 a multiple of 542?
False
Is 494 a factor of 13376276?
False
Is 477 a factor of 1449988041?
False
Does 7 divide 949747020?
False
Does 5 divide 15013789?
False
Does 543 divide 5294793?
True
Does 16 divide 131727408?
True
Does 13 divide 116689534?
True
Is 2 a factor of 5944536?
True
Does 5434 divide 95324504?
False
Is 26577296 a multiple of 412?
True
Is 715744484 a multiple of 7?
True
Does 788 divide 343669652?
True
Is 23729480 a multiple of 19?
True
Is 44 a factor of 510822488?
True
Is 18 a factor of 154439143?
False
Is 103 a factor of 76461947?
True
Is 132726924 a multiple of 892?
True
Is 280243535 a multiple of 2223?
False
Does 1451 divide 1802253727?
True
Is 69130703 a multiple of 523?
False
Is 25094366 a multiple of 241?
True
Is 96370147 a multiple of 20?
False
Is 51210749 a multiple of 17?
True
Is 1069 a factor of 130427621?
True
Is 2180235611 a multiple of 106?
False
Is 106762687 a multiple of 508?
False
Is 14079152 a multiple of 2?
True
Is 64378984 a multiple of 104?
False
Does 11673 divide 6101007181?
False
Is 63795712 a multiple of 10?
False
Is 3233461322 a multiple of 945?
False
Is 196612847 a multiple of 4779?
False
Is 1683 a factor of 39821120?
False
Is 4